ousands digit of 1524359894?
3
What is the hundred millions digit of 1970307571?
9
What is the ten thousands digit of 515502715?
0
What is the billions digit of 1869252706?
1
What is the hundred millions digit of 396936802?
3
What is the hundred millions digit of 1025721051?
0
What is the ten millions digit of 303296168?
0
What is the hundreds digit of 993249453?
4
What is the hundred millions digit of 220620896?
2
What is the hundred thousands digit of 423398225?
3
What is the ten millions digit of 175071231?
7
What is the tens digit of 230556603?
0
What is the thousands digit of 2567703091?
3
What is the hundred millions digit of 195704305?
1
What is the millions digit of 5679466222?
9
What is the hundred thousands digit of 43353709?
3
What is the ten thousands digit of 1892190577?
9
What is the millions digit of 312469652?
2
What is the units digit of 62856615?
5
What is the hundred millions digit of 1138710570?
1
What is the ten millions digit of 72318040?
7
What is the hundred thousands digit of 314442982?
4
What is the thousands digit of 68445529?
5
What is the millions digit of 151955271?
1
What is the ten thousands digit of 45305014?
0
What is the ten thousands digit of 846242414?
4
What is the hundred millions digit of 821338062?
8
What is the tens digit of 1587291665?
6
What is the tens digit of 222507271?
7
What is the hundred thousands digit of 236827208?
8
What is the hundreds digit of 37639501?
5
What is the tens digit of 361103613?
1
What is the thousands digit of 24447248?
7
What is the hundred thousands digit of 64097071?
0
What is the millions digit of 32757948?
2
What is the millions digit of 30648144?
0
What is the tens digit of 763549601?
0
What is the hundreds digit of 652949645?
6
What is the thousands digit of 2145327537?
7
What is the hundred thousands digit of 299521406?
5
What is the hundred millions digit of 212195436?
2
What is the thousands digit of 223151643?
1
What is the thousands digit of 1528417275?
7
What is the hundreds digit of 40639672?
6
What is the ten thousands digit of 375526972?
2
What is the millions digit of 488689524?
8
What is the ten millions digit of 338092392?
3
What is the thousands digit of 42909828?
9
What is the millions digit of 4921949?
4
What is the ten millions digit of 128670903?
2
What is the ten thousands digit of 840553476?
5
What is the thousands digit of 353051225?
1
What is the ten millions digit of 31861146?
3
What is the millions digit of 62757180?
2
What is the units digit of 1761496321?
1
What is the tens digit of 31287393?
9
What is the ten thousands digit of 35738563?
3
What is the billions digit of 4477027595?
4
What is the hundred thousands digit of 187274781?
2
What is the millions digit of 2843432009?
3
What is the ten millions digit of 23025971?
2
What is the hundred thousands digit of 112416710?
4
What is the ten millions digit of 85661244?
8
What is the units digit of 43563008?
8
What is the ten thousands digit of 65227540?
2
What is the hundred millions digit of 2582867085?
5
What is the units digit of 347627048?
8
What is the ten millions digit of 3283066545?
8
What is the hundreds digit of 41962926?
9
What is the units digit of 3504486675?
5
What is the ten millions digit of 331419737?
3
What is the units digit of 230458811?
1
What is the millions digit of 7224570148?
4
What is the tens digit of 361442828?
2
What is the tens digit of 55157890?
9
What is the thousands digit of 1037702234?
2
What is the hundred millions digit of 147407794?
1
What is the millions digit of 27933152?
7
What is the hundred millions digit of 212804477?
2
What is the hundred thousands digit of 125205125?
2
What is the millions digit of 7553896?
7
What is the ten millions digit of 1509238187?
0
What is the ten millions digit of 320760575?
2
What is the ten millions digit of 17670122?
1
What is the billions digit of 8817344796?
8
What is the hundred millions digit of 165280932?
1
What is the hundreds digit of 748952?
9
What is the millions digit of 93463529?
3
What is the ten millions digit of 413224232?
1
What is the hundred thousands digit of 1408234606?
2
What is the thousands digit of 86608651?
8
What is the millions digit of 279452058?
9
What is the hundred millions digit of 636914450?
6
What is the hundred millions digit of 163293354?
1
What is the ten thousands digit of 192318605?
1
What is the hundred millions digit of 853987150?
8
What is the millions digit of 4602411033?
2
What is the thousands digit of 28249795?
9
What is the units digit of 8282439660?
0
What is the ten thousands digit of 7461054?
6
What is the hundreds digit of 7146779410?
4
What is the units digit of 194129166?
6
What is the ten millions digit of 178926474?
7
What is the hundred thousands digit of 1359983060?
9
What is the units digit of 150189892?
2
What is the hundred thousands digit of 4918752127?
7
What is the ten millions digit of 45356146?
4
What is the ten thousands digit of 936706246?
0
What is the thousands digit of 12604604?
4
What is the ten millions digit of 1852669663?
5
What is the billions digit of 1096755973?
1
What is the hundred millions digit of 1201705894?
2
What is the ten millions digit of 16735060?
1
What is the ten thousands digit of 13648965?
4
What is the thousands digit of 6965297099?
7
What is the tens digit of 32317254?
5
What is the thousands digit of 14689287?
9
What is the units digit of 2892651042?
2
What is the units digit of 6310729893?
3
What is the units digit of 25181942?
2
What is the hundreds digit of 1073064321?
3
What is the billions digit of 2028361475?
2
What is the tens digit of 350037956?
5
What is the thousands digit of 78684845?
4
What is the ten millions digit of 972209794?
7
What is the ten millions digit of 67503567?
6
What is the units digit of 17848370?
0
What is the tens digit of 301628443?
4
What is the ten thousands digit of 539744468?
4
What is the tens digit of 63399566?
6
What is the units digit of 50972986?
6
What is the tens digit of 1069147592?
9
What is the thousands digit of 4765271?
5
What is the ten thousands digit of 4042660717?
6
What is the hundred thousands digit of 20990947?
9
What is the hundreds digit of 1514584098?
0
What is the millions digit of 113089718?
3
What is the hundred thousands digit of 8290323706?
3
What is the billions digit of 5376084705?
5
What is the ten thousands digit of 117435136?
3
What is the hundreds digit of 2979932247?
2
What is the thousands digit of 1493902294?
2
What is the millions digit of 13576907?
3
What is the ten millions digit of 2820744926?
2
What is the hundred thousands digit of 89940492?
9
What is the thousands digit of 454434223?
4
What is the hundred millions digit of 117444415?
1
What is the tens digit of 579927386?
8
What is the hundred millions digit of 184988163?
1
What is the hundreds digit of 3938834327?
3
What is the hundred millions digit of 125530516?
1
What is the millions digit of 66538889?
6
What is the hundred millions digit of 723354644?
7
What is the millions digit of 4494424?
4
What is the ten thousands digit of 69091938?
9
What is the ten thousands digit of 838584452?
8
What is the billions digit of 2554899288?
2
What is the ten millions digit of 1538191149?
3
What is the hundred millions digit of 490636884?
4
What is the tens digit of 623519925?
2
What is the hundred thousands digit of 771527769?
5
What is the ten thousands digit of 109247313?
4
What is the hundreds digit of 119542246?
2
What is the ten thousands digit of 59692826?
9
What is the tens digit of 128354390?
9
What is the ten thousands digit of 135807847?
0
What is the hundreds digit of 48912026?
0
What is the thousands digit of 477736824?
6
What is the tens digit of 88051990?
9
What is the billions digit of 1353839154?
1
What is the hundred thousands digit of 641419859?
4
What is the units digit of 116610958?
8
What is the thousands digit of 644595111?
5
What is the millions digit of 4150261134?
0
What is the millions digit of 9708347?
9
What is the units digit of 375426747?
7
What is the millions digit of 325161183?
5
What is the hundred thousands digit of 178066585?
0
What is the hundred millions digit of 140894726?
1
What is the hundred millions digit of 2999473430?
9
What is the units digit of 190503190?
0
Wh